4 and 53264.
16
What is the greatest common factor of 938 and 187667?
67
What is the greatest common divisor of 25932 and 732?
12
What is the greatest common factor of 42 and 14595?
21
Calculate the greatest common divisor of 152544 and 9.
3
Calculate the highest common factor of 87591 and 14.
7
What is the greatest common divisor of 6627 and 109839?
141
What is the greatest common factor of 41140 and 73015?
85
Calculate the greatest common factor of 351 and 9173970.
117
Calculate the greatest common factor of 1525 and 615200.
25
Calculate the highest common divisor of 185 and 650645.
185
What is the greatest common factor of 54579 and 6923?
161
Calculate the greatest common factor of 408280 and 865.
865
What is the greatest common factor of 39 and 1503151?
13
What is the highest common divisor of 576 and 774?
18
What is the greatest common factor of 66036 and 8?
4
Calculate the highest common divisor of 91074 and 344.
86
What is the highest common factor of 26 and 1006798?
26
Calculate the greatest common divisor of 90 and 18670.
10
What is the highest common factor of 18216 and 4416?
552
Calculate the highest common divisor of 58 and 72819.
29
What is the greatest common factor of 956 and 260?
4
Calculate the highest common factor of 1989 and 34164.
117
What is the highest common factor of 2971553 and 13?
13
Calculate the highest common factor of 13270 and 130.
10
What is the greatest common factor of 262831 and 10825?
433
Calculate the greatest common divisor of 86320 and 110.
10
What is the greatest common factor of 1936 and 288?
16
Calculate the highest common divisor of 5208 and 8232.
168
What is the greatest common factor of 14 and 645029?
7
Calculate the greatest common divisor of 3040 and 448.
32
What is the highest common factor of 241547 and 19?
19
Calculate the highest common factor of 5387918 and 278.
278
What is the highest common factor of 153 and 223227?
153
What is the highest common factor of 704 and 1424?
16
What is the greatest common divisor of 599 and 209051?
599
Calculate the highest common factor of 1199 and 2616.
109
What is the highest common divisor of 420 and 3460?
20
What is the highest common divisor of 3380 and 102700?
260
Calculate the highest common divisor of 9758 and 7990.
34
What is the highest common divisor of 5542 and 61472?
34
What is the greatest common factor of 825940 and 20?
20
What is the highest common divisor of 24185 and 49?
7
What is the greatest common factor of 3894 and 1122?
66
Calculate the greatest common factor of 1664413 and 137.
137
Calculate the highest common factor of 792 and 30393.
99
Calculate the greatest common divisor of 696 and 15168.
24
Calculate the highest common divisor of 193171 and 77.
11
Calculate the greatest common divisor of 5448 and 5352.
24
Calculate the greatest common divisor of 68 and 4556.
68
What is the greatest common factor of 134838 and 594?
594
What is the highest common divisor of 418 and 1373206?
38
What is the greatest common divisor of 9825 and 262?
131
What is the greatest common factor of 988 and 16276?
52
Calculate the highest common factor of 12 and 14024.
4
Calculate the greatest common factor of 1704 and 7739.
71
Calculate the greatest common divisor of 20 and 103260.
20
What is the greatest common factor of 19 and 133703?
19
Calculate the highest common divisor of 22181 and 123.
41
What is the greatest common factor of 120 and 13080?
120
Calculate the greatest common factor of 2748 and 2503428.
2748
What is the highest common divisor of 166860 and 432?
108
Calculate the greatest common factor of 1853390 and 12180.
2030
What is the greatest common factor of 188748 and 270?
18
What is the greatest common divisor of 105 and 7305?
15
Calculate the highest common factor of 25083 and 36.
9
Calculate the highest common divisor of 494 and 14402.
38
Calculate the highest common divisor of 123788 and 28.
28
Calculate the highest common divisor of 347893 and 273.
91
What is the greatest common divisor of 2988 and 509620?
332
Calculate the highest common divisor of 7938 and 23618.
98
What is the highest common factor of 17629 and 2257?
61
What is the greatest common factor of 21 and 77847?
21
What is the highest common divisor of 9843 and 51?
51
Calculate the greatest common factor of 64 and 2505408.
64
What is the greatest common factor of 142 and 718378?
142
What is the highest common factor of 23390 and 3370?
10
What is the greatest common divisor of 7772 and 10988?
268
Calculate the highest common divisor of 940 and 80135.
235
What is the highest common factor of 1384 and 151721?
173
What is the greatest common factor of 4854 and 867?
3
What is the greatest common divisor of 3294 and 62098?
122
What is the highest common factor of 13694 and 1312?
82
What is the greatest common divisor of 74370 and 1675?
335
Calculate the greatest common divisor of 24070 and 65570.
830
What is the highest common factor of 215785 and 206?
103
What is the greatest common factor of 111 and 144078?
111
Calculate the greatest common divisor of 226 and 169613.
113
What is the highest common divisor of 69741 and 81508?
287
What is the greatest common divisor of 82175 and 209?
19
What is the highest common factor of 23001 and 2479926?
2091
Calculate the highest common divisor of 4096 and 376.
8
What is the greatest common factor of 2036 and 242?
2
Calculate the highest common divisor of 7960 and 27720.
40
Calculate the greatest common factor of 12159 and 772.
193
Calculate the highest common divisor of 15385 and 1360.
85
What is the highest common factor of 4008 and 10354?
334
What is the highest common factor of 484 and 9?
1
Calculate the highest common divisor of 1953 and 104625.
279
What is the greatest common factor of 208538 and 66?
22
Calculate the greatest common divisor of 76104 and 2800.
56
Calculate the greatest common factor of 3591 and 17766.
189
Calculate the greatest common factor of 304502 and 22.
22
What is the highest common divisor of 205750 and 1900?
50
Calculate the highest common divisor of 2226 and 216.
6
Calculate the greatest common divisor of 3319777 and 34.
17
What is the greatest common factor of 11449 and 7?
1
What is the greatest common divisor of 12943 and 3479?
7
Calculate the highest common divisor of 56364 and 1155.
231
Calculate the greatest common divisor of 6024306 and 996.
498
Calculate the greatest common divisor of 855 and 1596.
57
Calculate the greatest common factor of 1 and 56383.
1
What is the highest common divisor of 299278 and 14?
14
Calculate the greatest common factor of 804 and 1004799.
201
Calculate the greatest common factor of 27206 and 4.
2
Calculate the highest common factor of 416950 and 22596.
538
Calculate the highest common factor of 885 and 55.
5
What is the highest common divisor of 620144 and 8918?
686
Calculate the greatest common factor of 726 and 95106.
726
What is the highest common divisor of 387 and 2844?
9
Calculate the greatest common divisor of 2808 and 722436.
156
Calculate the greatest common divisor of 5953 and 112.
1
Calculate the greatest common divisor of 72 and 116160.
24
What is the greatest common divisor of 2448 and 84?
12
What is the greatest common divisor of 15202 and 802942?
1382
What is the greatest common divisor of 11724206 and 507?
169
Calculate the greatest common divisor of 442 and 102.
34
What is the highest common factor of 4 and 523372?
4
Calculate the greatest common factor of 873 and 46463.
97
Calculate the greatest common factor of 8385 and 325.
65
What is the greatest common factor of 4220 and 1700?
20
What is the greatest common divisor of 4200192 and 576?
576
Calculate the greatest common factor of 192110 and 70.
10
Calculate the greatest common factor of 62256 and 16.
16
Calculate the greatest common factor of 3686 and 4598.
38
Calculate the highest common divisor of 61236 and 1302.
42
What is the greatest common factor of 289 and 118201?
289
Calculate the greatest common divisor of 1176900 and 225.
75
Calculate the highest common divisor of 9 and 23817.
3
Calculate the highest common divisor of 570 and 155865.
15
What is the highest common divisor of 6657 and 40656?
21
What is the greatest common divisor of 6383196 and 281?
281
What is the greatest common factor of 67558 and 5